rime factors of 227185.
5, 7, 6491
What are the prime factors of 205293?
3, 11, 6221
What are the prime factors of 544133?
544133
What are the prime factors of 70794?
2, 3, 19, 23
What are the prime factors of 3272516?
2, 13, 47, 103
List the prime factors of 3505147.
113, 31019
What are the prime factors of 89802?
2, 3, 1663
List the prime factors of 2575954.
2, 23, 29, 1931
What are the prime factors of 60944?
2, 13, 293
What are the prime factors of 175890?
2, 3, 5, 11, 13, 41
List the prime factors of 13042453.
47, 277499
What are the prime factors of 121225?
5, 13, 373
List the prime factors of 14779013.
743, 19891
What are the prime factors of 1439260?
2, 5, 71963
List the prime factors of 14581663.
37, 394099
List the prime factors of 22724299.
13, 23, 76001
What are the prime factors of 388723?
23, 16901
List the prime factors of 33431.
101, 331
What are the prime factors of 114682?
2, 17, 3373
List the prime factors of 12186277.
19, 33757
List the prime factors of 78761.
17, 41, 113
What are the prime factors of 193033?
137, 1409
List the prime factors of 210343.
7, 151, 199
What are the prime factors of 39606886?
2, 11, 1800313
What are the prime factors of 6133591?
6133591
List the prime factors of 9584191.
2879, 3329
What are the prime factors of 877375?
5, 7019
What are the prime factors of 11196703?
7, 1599529
List the prime factors of 1902926.
2, 19, 50077
List the prime factors of 386166.
2, 3, 11, 5851
List the prime factors of 42141824.
2, 329233
What are the prime factors of 5258889?
3, 29, 20149
What are the prime factors of 518169?
3, 83, 2081
What are the prime factors of 7987827?
3, 211, 12619
What are the prime factors of 213367?
7, 11, 17, 163
List the prime factors of 2249171.
2249171
What are the prime factors of 872174?
2, 436087
List the prime factors of 10188995.
5, 2037799
List the prime factors of 5323232.
2, 166351
List the prime factors of 1932722.
2, 11, 59, 1489
What are the prime factors of 1994336?
2, 62323
What are the prime factors of 3579647?
3579647
What are the prime factors of 103376?
2, 7, 13, 71
What are the prime factors of 2149247?
2149247
What are the prime factors of 8699491?
59, 147449
List the prime factors of 210536.
2, 26317
List the prime factors of 1412118.
2, 3, 19, 4129
What are the prime factors of 1395402?
2, 3, 232567
List the prime factors of 802243.
13, 47, 101
List the prime factors of 106202.
2, 53101
List the prime factors of 1489402.
2, 744701
List the prime factors of 564557.
7, 80651
What are the prime factors of 15143747?
79, 191693
What are the prime factors of 61088?
2, 23, 83
List the prime factors of 2188009.
61, 35869
List the prime factors of 156676.
2, 13, 23, 131
What are the prime factors of 1064489?
17, 62617
List the prime factors of 512879.
401, 1279
What are the prime factors of 466460?
2, 5, 83, 281
List the prime factors of 1865383.
13, 43, 47, 71
What are the prime factors of 98406?
2, 3, 7, 11, 71
What are the prime factors of 373937?
373937
What are the prime factors of 26492436?
2, 3, 735901
List the prime factors of 532664.
2, 11, 6053
List the prime factors of 4331557.
4331557
What are the prime factors of 21575602?
2, 19, 567779
What are the prime factors of 1973768?
2, 17, 23, 631
What are the prime factors of 337725?
3, 5, 19, 79
List the prime factors of 6038924.
2, 31, 1571
List the prime factors of 679783.
13, 52291
List the prime factors of 1746327.
3, 11, 52919
What are the prime factors of 222389?
222389
List the prime factors of 667422.
2, 3, 7, 5297
List the prime factors of 42213117.
3, 19, 740581
What are the prime factors of 2251698?
2, 3, 375283
List the prime factors of 13811323.
37, 53, 7043
What are the prime factors of 8806358?
2, 11, 613, 653
What are the prime factors of 9160807?
17, 538871
What are the prime factors of 1697609?
127, 13367
List the prime factors of 303145.
5, 19, 3191
What are the prime factors of 20393?
20393
What are the prime factors of 9791614?
2, 7, 699401
What are the prime factors of 2446866?
2, 3, 135937
List the prime factors of 982762.
2, 11, 31, 131
List the prime factors of 204956.
2, 51239
List the prime factors of 197584.
2, 53, 233
What are the prime factors of 136591?
7, 13, 19, 79
What are the prime factors of 15764350?
2, 5, 7, 73, 617
What are the prime factors of 98377?
98377
What are the prime factors of 284309?
401, 709
List the prime factors of 2275892.
2, 17, 33469
What are the prime factors of 3459981?
3, 7, 37, 61, 73
What are the prime factors of 1182909?
3, 7, 13, 619
List the prime factors of 10851485.
5, 53, 40949
List the prime factors of 1020975.
3, 5, 13613
What are the prime factors of 185362?
2, 92681
List the prime factors of 535007.
11, 17, 2861
What are the prime factors of 5686274?
2, 11, 23497
List the prime factors of 1893784.
2, 236723
What are the prime factors of 5438631?
3, 11, 29, 5683
What are the prime factors of 952399?
7, 136057
What are the prime factors of 2297873?
17, 29, 59, 79
What are the prime factors of 1853237?
419, 4423
What are the prime factors of 8886366?
2, 3, 383, 1289
List the prime factors of 40259696.
2, 43, 163, 359
What are the prime factors of 5350404?
2, 3, 43, 10369
What are the prime factors of 440723?
440723
What are the prime factors of 2732523?
3, 19, 47939
List the prime factors of 6908179.
53, 130343
List the prime factors of 60779.
60779
List the prime factors of 37586432.
2, 13, 5647
List the prime factors of 269072.
2, 67, 251
List the prime factors of 153246.
2, 3, 25541
List the prime factors of 4014751.
13, 308827
List the prime factors of 2879045.
5, 13, 44293
What are the prime factors of 205964?
2, 11, 31, 151
What are the prime factors of 7235415?
3, 5, 11, 47, 311
What are the prime factors of 6104894?
2, 3052447
What are the prime factors of 15599280?
2, 3, 5, 64997
What are the prime factors of 23385822?
2, 3, 3897637
What are the prime factors of 4012338?
2, 3, 11, 60793
What are the prime factors of 321459?
3, 83, 1291
What are the prime factors of 265565?
5, 53113
What are the prime factors of 12875882?
2, 19, 338839
List the prime factors of 204643.
113, 1811
What are the prime factors of 497209?
31, 43, 373
What are the prime factors of 3766554?
2, 3, 11, 17, 373
What are the prime factors of 23963947?
7, 29, 97, 1217
What are the prime factors of 1164223?
79, 14737
List the prime factors of 940319.
940319
What are the prime factors of 217673?
109, 1997
List the prime factors of 19054625.
5, 19, 71, 113
What are the prime factors of 628162?
2, 89, 3529
List the prime factors of 1296985.
5, 259397
List the prime factors of 19601696.
2, 612553
What are the prime factors of 2667081?
3, 889027
What are the prime factors of 396531?
3, 44059
What are the prime factors of 886199?
886199
List the prime factors of 115074.
2, 3, 2131
What are the prime factors of 398085?
3, 5, 26539
List the prime factors of 215080.
2, 5, 19, 283
What are the prime factors of 6556495?
5, 11, 23, 71, 73
What are the prime factors of 1046026?
2, 19, 27527
List the prime factors of 12221801.
12221801
What are the prime factors of 1755441?
3, 195049
List the prime factors of 782494.
2, 391247
What are the prime factors of 1125966?
2, 3, 187661
List the prime factors of 443685.
3, 5, 11, 2689
List the prime factors of 696843.
3, 7, 1229
List the prime factors of 3277077.
3, 547, 1997
List the prime factors of 1900687.
1900687
List the prime factors of 1598626.
2, 799313
List the prime factors of 26524.
2, 19, 349
What are the prime factors of 103014?
2, 3, 59, 97
List the prime factors of 9257767.
9257767
What are the prime factors of 36238247?
2281, 15887
List the prime factors of 10341378.
2, 3, 191507
List the prime factors of 156533.
13, 12041
What are the prime factors of 9038806?
2, 7, 645629
What are the prime factors of 268346?
2, 13, 10321
What are the prime factors of 1143325?
5, 19, 29, 83
What are the prime factors of 9036630?
2, 3, 5, 33469
List the prime factors of 186596.
2, 46649
List the prime factors of 5165230.
2, 5, 7, 113, 653
What are the prime factors of 1231452?
2, 3, 79, 433
List the prime factors of 4175943.
3, 1391981
What are the prime factors of 6878658?
2, 3, 53, 97, 223
List the prime factors of 518128.
2, 13, 47, 53
